0110100110101?
-10010110110001101011
In base 3, what is -222 + -22011102221222?
-22011102222221
In base 9, what is 4 - 1126650?
-1126645
In base 12, what is -8b8667 - 11?
-8b8678
In base 14, what is b + -cca26c?
-cca261
In base 7, what is 1455240 + -15?
1455222
In base 8, what is 30115120 + -5?
30115113
In base 6, what is 3242 - 3020423?
-3013141
In base 9, what is 37800757 + 21?
37800778
In base 3, what is 212100110 + -101012?
211222021
In base 5, what is -14 - 3013031?
-3013100
In base 16, what is 7 - 1eac9f?
-1eac98
In base 5, what is -41 - 323323343?
-323323434
In base 12, what is -19b8 - -729b?
54a3
In base 15, what is -b + -6cb7?
-6cc3
In base 14, what is 288 + a471b?
a49a5
In base 12, what is 1a8611b4 + -4?
1a8611b0
In base 9, what is 1127 - -12386?
13524
In base 7, what is 2 + 602000063?
602000065
In base 11, what is 37 - -91984?
91a10
In base 16, what is 1e - -dfffa8?
dfffc6
In base 5, what is 201222 - -242442?
444214
In base 3, what is 11222100120210 - -1?
11222100120211
In base 11, what is 295 - -2026?
2310
In base 11, what is -4 + -799913?
-799917
In base 2, what is -110011111110 + 101101110010?
-110001100
In base 15, what is 186d638 + -1?
186d637
In base 16, what is 4e - a43c6?
-a4378
In base 12, what is 38 - 1a52821?
-1a527a5
In base 5, what is -111402304 - -1?
-111402303
In base 11, what is -5 + 1240a521?
1240a517
In base 10, what is 12 + -256881?
-256869
In base 14, what is -195cc4 - -10?
-195cb4
In base 2, what is 0 + 10000011110111111010?
10000011110111111010
In base 13, what is 4 + 8a730c?
8a7313
In base 13, what is -5283401 - -5?
-52833c9
In base 3, what is -211122002001 - -10?
-211122001221
In base 10, what is 419 + 10180?
10599
In base 4, what is -11 + -330013231202?
-330013231213
In base 4, what is 2203000330322 + -3?
2203000330313
In base 16, what is 4 - -21091f?
210923
In base 11, what is -380197 + -265?
-380451
In base 11, what is -64 - -20a0585?
20a0521
In base 3, what is 10112 + 1101020121102?
1101020201221
In base 9, what is -184 + 34317?
34123
In base 8, what is 6730261 + -54?
6730205
In base 15, what is 4 + 67b9bb?
67b9c0
In base 11, what is 28795a96 + -5?
28795a91
In base 3, what is -1110000001120 + -1110?
-1110000010000
In base 10, what is 2501791 - -113?
2501904
In base 12, what is -249 + -11825?
-11a72
In base 2, what is 1111111 - -11100000111000?
11100010110111
In base 11, what is 192789 + 170?
192949
In base 15, what is 5a46c - -5?
5a472
In base 12, what is -7a4989 - -4?
-7a4985
In base 11, what is -10375 - 3400?
-13775
In base 6, what is 102231 - -3450?
110121
In base 11, what is -a685315 - 58?
-a685372
In base 5, what is 2023 + -204202030?
-204200002
In base 3, what is 12 + 220000000100012?
220000000100101
In base 12, what is -875 - 433b8?
-44071
In base 13, what is -3 + -202628?
-20262b
In base 12, what is -38a6210 - 11?
-38a6221
In base 12, what is -305 + -19858?
-19b61
In base 15, what is 21c8ead - -7?
21c8eb5
In base 5, what is 1120104 - 1002?
1114102
In base 5, what is 4322200022 - 1?
4322200021
In base 15, what is -55d5 - 30b?
-58e1
In base 14, what is -30 - 157501?
-157531
In base 9, what is -5131 + 2866?
-2154
In base 4, what is 23203 + 10313322?
11003131
In base 12, what is 4 - -76614a9?
76614b1
In base 11, what is -2622457 - 1?
-2622458
In base 9, what is 831834152 + 1?
831834153
In base 6, what is -14025323 + 1043?
-14024240
In base 12, what is -11517484b + -1?
-115174850
In base 13, what is -6b0015cc - 5?
-6b001604
In base 16, what is -e6d - 6d7?
-1544
In base 5, what is -101203140 + -12?
-101203202
In base 15, what is -580d696 + -1?
-580d697
In base 2, what is 111 - -111010111110101001011101?
111010111110101001100100
In base 8, what is 531470177 + 10?
531470207
In base 16, what is -e2c4 - -425?
-de9f
In base 6, what is -30201 + 104331?
34130
In base 8, what is -2 - -10576537?
10576535
In base 2, what is 100 + 110011101111111000101111?
110011101111111000110011
In base 5, what is -31 - -1424400403?
1424400322
In base 4, what is 103002220010 + -103?
103002213301
In base 9, what is -1065 - 88170?
-100245
In base 4, what is -3 - 111211233110?
-111211233113
In base 3, what is 0 - 212222221220222?
-212222221220222
In base 4, what is 103332 + -2310120?
-2200122
In base 4, what is -101131220021210 - -10?
-101131220021200
In base 10, what is -8 + 111688274?
111688266
In base 3, what is -10010110010 - -112220?
-10002220020
In base 13, what is 13 + 13906a?
139080
In base 7, what is 0 + 203616520?
203616520
In base 5, what is 422030 + 304414?
1231444
In base 8, what is -65346 + -2017?
-67365
In base 6, what is 3133150 - 1?
3133145
In base 15, what is 0 + -4654a4?
-4654a4
In base 12, what is -1b + a51199?
a5117a
In base 12, what is -5 + -231106?
-23110b
In base 8, what is -3623536 + 3?
-3623533
In base 9, what is 57442725 - -5?
57442731
In base 12, what is 842a8932 - 2?
842a8930
In base 15, what is 18ac8 - 637?
18491
In base 13, what is 5b + 2c2a66?
2c2ac4
In base 2, what is -1110 + -1000000011011100001101?
-1000000011011100011011
In base 6, what is -2540555012 - -1?
-2540555011
In base 11, what is -4 - 33a5789?
-33a5792
In base 13, what is -24976 + -a2?
-24a48
In base 5, what is 400000112 + -24?
400000033
In base 9, what is 2100750718 + -1?
2100750717
In base 3, what is 12212002 + 10111021020?
10201010022
In base 15, what is -1197 + 4955?
37ad
In base 9, what is -616348 + -457?
-616816
In base 7, what is -150161262 + -5?
-150161300
In base 9, what is 174 + 186646?
186831
In base 15, what is -2 - c37d5?
-c37d7
In base 15, what is 3ac276 - 1?
3ac275
In base 8, what is -1237 - -4647?
3410
In base 10, what is 127 + -175387?
-175260
In base 8, what is 310214 + -375?
307617
In base 15, what is -1 + -15174d88?
-15174d89
In base 13, what is 13510 - 23a3?
1113a
In base 15, what is 1b9 - 4b6a?
-49a1
In base 3, what is -122 - 2001211012?
-2001211211
In base 7, what is 41116 + -13662?
24124
In base 8, what is -3341475434 + 4?
-3341475430
In base 7, what is 0 + -1266422?
-1266422
In base 15, what is 3 - 284ccab?
-284cca8
In base 9, what is 821 - -50578?
51510
In base 12, what is 263a2 - -9a0?
27182
In base 4, what is -22 + -221333133321?
-221333200003
In base 10, what is -22 - -44210?
44188
In base 14, what is 11116d5 + 5?
11116da
In base 10, what is -4 + 2393049?
2393045
In base 12, what is -353b3a - 9?
-353b47
In base 10, what is 126604 + -443?
126161
In base 2, what is -1011 - 110010011010011000011100?
-110010011010011000100111
In base 8, what is 354 - -46444?
47020
In base 15, what is -5 - -8aa42c3?
8aa42bd
In base 9, what is -76 - -1874146?
1874060
In base 10, what is -110 - -55216?
55106
In base 8, what is -3 - 512524755?
-512524760
In base 4, what is 3020022 - 20302102?
-11222020
In base 14, what is 27d82 + -220?
27b62
In base 6, what is 11542511 + -445?
11542022
In base 7, what is 55 - 14234?
-14146
In base 4, what is 1012001 - 121230001?
-120212000
In base 9, what is 1 + 4440608?
4440610
In base 10, what is 0 + -3165150?
-3165150
In base 8, what is -1 + -2616645750?
-2616645751
In base 2, what is -11011100100 + -10010010000100?
-10101101101000
In base 11, what is 21aa - 19284?
-17085
In base 6, what is -24525 + -1030220?
-1055145
In base 9, what is -10572741 - 5?
-10572746
In base 4, what is 10211 - 12301?
-2030
In base 12, what is -3 + -217939b7?
-217939ba
In base 4, what is -32 + -122322110023?
-122322110121
In base 12, what is 3 - 5476b2?
-5476ab
In base 11, what is -141443a0 - -14?
-14144387
In base 10, what is 243800637 + 1?
243800638
In base 7, what is 5 + 400216145?
400216153
In base 6, what is 15431 + 203525?
223400
In base 11, what is 3 - -6380585?
6380588
In base 4, what is -1231002222 - 1033?
-1231003321
In base 16, what is -eec9 + -12c?
-eff5
In base 5, what is 20343331 + -234?
20343042
In base 15, what is da - 288e4e?
-288d64
In base 15, what is -1b - 349e83?
-349e9e
In base 9, what is 73 - 37013?
-36830
In base 10, what is -106351 - -247?
-106104
In base 11, what is -526a + 39?
-5231
In base 6, what is 240124310 - 101?
240124205
In base 14, what is 5 + -115b03?
-115adc
In base 6, what is -13503 + 14215?
312
In base 4, what is -32302 - -1033313202?
1033220300
In base 6, what is 11053152 + -1102?
11052050
In base 15, what is 1bc + 8a870?
8aa3c
In base 14, what is -783210d - 2?
-7832111
In bas